{"id":62417,"date":"2021-10-29T12:13:03","date_gmt":"2021-10-29T10:13:03","guid":{"rendered":"https:\/\/alpine-world.com\/shop\/prodotto\/petzl-multihook\/"},"modified":"2026-01-28T18:03:38","modified_gmt":"2026-01-28T17:03:38","slug":"petzl-multihook","status":"publish","type":"product","link":"https:\/\/alpine-world.com\/shop\/prodotto\/petzl-multihook\/","title":{"rendered":"Petzl Multihook"},"content":{"rendered":"<h1 class=\"productTitle\">PETZL MULTIHOOK<\/h1>\n<p class=\"productSubtitle\">Gancio da clessidra multifunzione e pieghevole<\/p>\n<div class=\"productCaracteristiquesPosition inlineblock\">\n<p class=\"productCaracteristiques inlineblock\">Progettato per i ghiacciatori, il gancio PETZL MULTIHOOK consente di agganciare il cordino per la realizzazione di abalakov. \u00c8 dotato di una lama dentellata per tagliare facilmente corde e cordini. Pu\u00f2 anche essere utilizzato per pulire i chiodi da ghiaccio. MULTIHOOK \u00e8 pieghevole e moschettonabile, per facilitare il trasporto.<\/p>\n<\/div>\n","protected":false},"excerpt":{"rendered":"<p>PETZL MULTIHOOK Gancio da clessidra multifunzione e pieghevole Progettato per i ghiacciatori, il gancio PETZL MULTIHOOK consente di agganciare il cordino per la realizzazione di abalakov. \u00c8 dotato di una lama dentellata per tagliare facilmente corde e cordini. Pu\u00f2 anche essere utilizzato per pulire i chiodi da ghiaccio. MULTIHOOK \u00e8 pieghevole e moschettonabile, per facilitare [&hellip;]<\/p>\n","protected":false},"featured_media":51504,"template":"","meta":{"_acf_changed":false,"_seopress_robots_primary_cat":"","_seopress_titles_title":"","_seopress_titles_desc":"Progettato per i ghiacciatori, il gancio PETZL MULTIHOOK consente di agganciare il cordino per la realizzazione di abalakov.","_seopress_robots_index":"","ep_exclude_from_search":false},"product_brand":[],"product_cat":[1056,2919,963,1933],"product_tag":[2969,2994],"class_list":{"0":"post-62417","1":"product","2":"type-product","3":"status-publish","4":"has-post-thumbnail","6":"product_cat-alpinismo","7":"product_cat-cascate-di-ghiaccio","8":"product_cat-attrezzatura","9":"product_cat-viti-da-ghiaccio-attrezzatura","10":"product_tag-alpinismo","11":"product_tag-cascate-di-ghiaccio","12":"yith_product_brand-petzl","14":"first","15":"outofstock","16":"sale","17":"taxable","18":"shipping-taxable","19":"purchasable","20":"product-type-simple"},"acf":[],"_links":{"self":[{"href":"https:\/\/alpine-world.com\/shop\/wp-json\/wp\/v2\/product\/62417","targetHints":{"allow":["GET"]}}],"collection":[{"href":"https:\/\/alpine-world.com\/shop\/wp-json\/wp\/v2\/product"}],"about":[{"href":"https:\/\/alpine-world.com\/shop\/wp-json\/wp\/v2\/types\/product"}],"wp:featuredmedia":[{"embeddable":true,"href":"https:\/\/alpine-world.com\/shop\/wp-json\/wp\/v2\/media\/51504"}],"wp:attachment":[{"href":"https:\/\/alpine-world.com\/shop\/wp-json\/wp\/v2\/media?parent=62417"}],"wp:term":[{"taxonomy":"product_brand","embeddable":true,"href":"https:\/\/alpine-world.com\/shop\/wp-json\/wp\/v2\/product_brand?post=62417"},{"taxonomy":"product_cat","embeddable":true,"href":"https:\/\/alpine-world.com\/shop\/wp-json\/wp\/v2\/product_cat?post=62417"},{"taxonomy":"product_tag","embeddable":true,"href":"https:\/\/alpine-world.com\/shop\/wp-json\/wp\/v2\/product_tag?post=62417"}],"curies":[{"name":"wp","href":"https:\/\/api.w.org\/{rel}","templated":true}]}}