{"id":59859,"date":"2021-03-16T12:23:51","date_gmt":"2021-03-16T11:23:51","guid":{"rendered":"https:\/\/alpine-world.com\/shop\/prodotto\/black-diamond-crack-gloves\/"},"modified":"2026-04-04T04:12:12","modified_gmt":"2026-04-04T02:12:12","slug":"black-diamond-crack-gloves","status":"publish","type":"product","link":"https:\/\/alpine-world.com\/shop\/prodotto\/black-diamond-crack-gloves\/","title":{"rendered":"Black Diamond Crack Gloves"},"content":{"rendered":"<p>Avevamo un solo obiettivo in mente: creare i migliori guanti presenti sul mercato. E ora siamo orgogliosi di presentare i nostri Black Diamond Crack Gloves. Progettati da un modello 3D che presenta una vestibilit\u00e0 preformata e con pelle scamosciata sintetica per la massima resistenza all'abrasione e traspirabilit\u00e0, i nostri guanti BD Crack raggiungono nuove vette di prestazioni. Una pellicola di gomma adesiva di 0,6 mm di spessore \u00e8 modellata nella loro costruzione per formare un'interfaccia senza cuciture tra la pelle scamosciata e la gomma. Lo spessore complessivo del guanto \u00e8 ridotto a meno di 1 mm: il perfetto equilibrio tra protezione, destrezza e presa. Il cinturino in hypalon presenta una chiusura sottile, piccola, forte e affidabile che non si impiglia e la forma con cuciture piatte riduce l'ingombro e migliora il comfort. Il colore bianco dei guanti Black Diamond Crack Gloves riduce l'assorbimento di calore nelle lunghezze sotto il sole del deserto e richiama anche la classica struttura del nastro per le mani per un comfort superiore.<\/p>\n","protected":false},"excerpt":{"rendered":"<p>Avevamo un solo obiettivo in mente: creare i migliori guanti presenti sul mercato. E ora siamo orgogliosi di presentare i nostri Black Diamond Crack Gloves. Progettati da un modello 3D che presenta una vestibilit\u00e0 preformata e con pelle scamosciata sintetica per la massima resistenza all'abrasione e traspirabilit\u00e0, i nostri guanti BD Crack raggiungono nuove vette [&hellip;]<\/p>\n","protected":false},"featured_media":48490,"template":"","meta":{"_acf_changed":false,"_seopress_robots_primary_cat":"none","_seopress_titles_title":"%%title%% %%sep%% Guanti per arrampicata in fessura","_seopress_titles_desc":"Avevamo un solo obiettivo in mente: creare i migliori guanti presenti sul mercato. E ora siamo orgogliosi di presentare i nostri Black Diamond Crack Gloves.","_seopress_robots_index":"","ep_exclude_from_search":false},"product_brand":[],"product_cat":[1037,963,1909],"product_tag":[2970],"class_list":{"0":"post-59859","1":"product","2":"type-product","3":"status-publish","4":"has-post-thumbnail","6":"product_cat-arrampicata","7":"product_cat-attrezzatura","8":"product_cat-accessori-da-montagna","9":"product_tag-arrampicata","10":"pa_taglia-s-it","11":"pa_taglia-m-it","12":"pa_taglia-l-it","13":"yith_product_brand-black-diamond","15":"first","16":"outofstock","17":"taxable","18":"shipping-taxable","19":"product-type-variable"},"acf":[],"_links":{"self":[{"href":"https:\/\/alpine-world.com\/shop\/wp-json\/wp\/v2\/product\/59859","targetHints":{"allow":["GET"]}}],"collection":[{"href":"https:\/\/alpine-world.com\/shop\/wp-json\/wp\/v2\/product"}],"about":[{"href":"https:\/\/alpine-world.com\/shop\/wp-json\/wp\/v2\/types\/product"}],"wp:featuredmedia":[{"embeddable":true,"href":"https:\/\/alpine-world.com\/shop\/wp-json\/wp\/v2\/media\/48490"}],"wp:attachment":[{"href":"https:\/\/alpine-world.com\/shop\/wp-json\/wp\/v2\/media?parent=59859"}],"wp:term":[{"taxonomy":"product_brand","embeddable":true,"href":"https:\/\/alpine-world.com\/shop\/wp-json\/wp\/v2\/product_brand?post=59859"},{"taxonomy":"product_cat","embeddable":true,"href":"https:\/\/alpine-world.com\/shop\/wp-json\/wp\/v2\/product_cat?post=59859"},{"taxonomy":"product_tag","embeddable":true,"href":"https:\/\/alpine-world.com\/shop\/wp-json\/wp\/v2\/product_tag?post=59859"}],"curies":[{"name":"wp","href":"https:\/\/api.w.org\/{rel}","templated":true}]}}