{"id":55297,"date":"2019-09-09T13:30:20","date_gmt":"2019-09-09T11:30:20","guid":{"rendered":"https:\/\/alpine-world.com\/shop\/prodotto\/blue-ice-choucas-light\/"},"modified":"2026-05-09T04:12:01","modified_gmt":"2026-05-09T02:12:01","slug":"blue-ice-choucas-light","status":"publish","type":"product","link":"https:\/\/alpine-world.com\/shop\/prodotto\/blue-ice-choucas-light\/","title":{"rendered":"Blue Ice Choucas Light"},"content":{"rendered":"<p><strong>VUOI SAPERNE DI PI\u00d9? LEGGI\u00a0<a href=\"https:\/\/alpine-world.com\/shop\/recensione-imbrago-blue-ice-choucas-light\/\">QUI<\/a>\u00a0LA NOSTRA RECENSIONE!<\/strong><\/p>\n<p>Ancora una volta, Blue Ice ha rivoluzionato il mondo degli imbraghi da alpinismo. Vincitore dell\u2019Outdoor Award 2017, lo Choucas Light \u00e8 probabilmente l\u2019imbrago pi\u00f9 leggero sul mercato tra quelli che si possono mettere sci ai piedi e ha i cosciali che si possono aprire. Con il suo peso dia ppena 84 grammi ( taglia S ) \u00e8 pi\u00f9 leggero di uno smartphone e una volta piegato diventa piccolo come una lampada frontale. I suoi anelli porta materiale permettono di attaccare tutto il necessario per una giornata di alpinismo o di sci e ha anche i nostri ormai famosi anelli per bloccare la vite da ghiaccio sul cosciale. Il segreto di tutta questa leggerezza? La semplicit\u00e0: due anelli a cui legarsi al posto di una fibbia metallica. E sui cosciali un sistema di chiusura pratico, semplice e sicuro. Il risultato \u00e8 un imbrago leggero e comodo, sia che vi stiate calando in doppia sia che stiate camminando o scalando. Prima dello Choucas Light, nessun imbrago da alpinismo o da sci \u00e8 stato cos\u00ec leggero e pratico.<\/p>\n","protected":false},"excerpt":{"rendered":"<p>VUOI SAPERNE DI PI\u00d9? LEGGI\u00a0QUI\u00a0LA NOSTRA RECENSIONE! Ancora una volta, Blue Ice ha rivoluzionato il mondo degli imbraghi da alpinismo. Vincitore dell\u2019Outdoor Award 2017, lo Choucas Light \u00e8 probabilmente l\u2019imbrago pi\u00f9 leggero sul mercato tra quelli che si possono mettere sci ai piedi e ha i cosciali che si possono aprire. Con il suo peso [&hellip;]<\/p>\n","protected":false},"featured_media":43259,"template":"","meta":{"_acf_changed":false,"_seopress_robots_primary_cat":"none","_seopress_titles_title":"Blue Ice Choucas Light - Imbrago ultraleggero - BLUE ICE Online Shop","_seopress_titles_desc":"Il Blue Ice Choucas Light \u00e8 l'imbrago indossabile sci ai piedi pi\u00f9 leggero del mercato. Grazie alla sua particolare costruzione si pu\u00f2 mettere e togliere in pochissimo tempo.","_seopress_robots_index":"","ep_exclude_from_search":false},"product_brand":[],"product_cat":[1056,963,1038,991,1034,1055],"product_tag":[2969,2971,2995],"class_list":{"0":"post-55297","1":"product","2":"type-product","3":"status-publish","4":"has-post-thumbnail","6":"product_cat-alpinismo","7":"product_cat-attrezzatura","8":"product_cat-freeride-it","9":"product_cat-imbraghi","10":"product_cat-saldi","11":"product_cat-scialpinismo","12":"product_tag-alpinismo","13":"product_tag-freeride","14":"product_tag-scialpinismo","15":"pa_colore-blu","16":"pa_genere-donna","17":"pa_genere-unisex-it","18":"pa_genere-uomo","19":"pa_taglia-l-it","20":"pa_taglia-m-it","21":"pa_taglia-s-it","22":"pa_taglia-xl-it","23":"yith_product_brand-blue-ice","25":"first","26":"instock","27":"sale","28":"taxable","29":"shipping-taxable","30":"purchasable","31":"product-type-variable"},"acf":[],"_links":{"self":[{"href":"https:\/\/alpine-world.com\/shop\/wp-json\/wp\/v2\/product\/55297","targetHints":{"allow":["GET"]}}],"collection":[{"href":"https:\/\/alpine-world.com\/shop\/wp-json\/wp\/v2\/product"}],"about":[{"href":"https:\/\/alpine-world.com\/shop\/wp-json\/wp\/v2\/types\/product"}],"wp:featuredmedia":[{"embeddable":true,"href":"https:\/\/alpine-world.com\/shop\/wp-json\/wp\/v2\/media\/43259"}],"wp:attachment":[{"href":"https:\/\/alpine-world.com\/shop\/wp-json\/wp\/v2\/media?parent=55297"}],"wp:term":[{"taxonomy":"product_brand","embeddable":true,"href":"https:\/\/alpine-world.com\/shop\/wp-json\/wp\/v2\/product_brand?post=55297"},{"taxonomy":"product_cat","embeddable":true,"href":"https:\/\/alpine-world.com\/shop\/wp-json\/wp\/v2\/product_cat?post=55297"},{"taxonomy":"product_tag","embeddable":true,"href":"https:\/\/alpine-world.com\/shop\/wp-json\/wp\/v2\/product_tag?post=55297"}],"curies":[{"name":"wp","href":"https:\/\/api.w.org\/{rel}","templated":true}]}}