{"id":54375,"date":"2019-08-24T09:10:11","date_gmt":"2019-08-24T07:10:11","guid":{"rendered":"https:\/\/alpine-world.com\/shop\/prodotto\/cassin-x-light\/"},"modified":"2026-04-04T04:12:21","modified_gmt":"2026-04-04T02:12:21","slug":"camp-x-light","status":"publish","type":"product","link":"https:\/\/alpine-world.com\/shop\/prodotto\/camp-x-light\/","title":{"rendered":"Camp X-Light"},"content":{"rendered":"<p>La Camp X-Light \u00e8 una piccozza leggera all\u2019insegna della polivalenza: un trait d\u2019union di alto livello tra gli attrezzi da cascata e quelli pi\u00f9 tradizionali. \u00c8 disponibile in una sola misura (50 cm) ed \u00e8 ideale per l\u2019alpinismo classico e tecnico \u201cfast and light\u201d. La testa modulare in Avional, analoga a quella della X-Dream, consente due diverse configurazioni: lama-paletta e lama-martello. La curvatura del manico, realizzato in alluminio 7075-T6, \u00e8 studiata per garantire sia una battuta efficace in piolet traction sia un\u2019eccellente penetrazione nella neve quando la piccozza \u00e8 usata in appoggio verticale. Il foro moschettonabile nella testa permette l\u2019uso con dragonne (non inclusa) mentre a quello del puntale pu\u00f2 essere agganciato l\u2019X-Gyro Leash. L'impugnatura modulare \u00e8 dotata di appoggi amovibili che permettono tutte le configurazioni: completa con 2 appoggi, con il solo appoggio inferiore e senza appoggi per la progressione esclusivamente su neve. L'appoggio superiore \u00e8 inoltre regolabile, potendo essere spostato in qualsiasi punto del manico in funzione delle esigenze dell'alpinista. La testa della X-Light in configurazione paletta e martello offre una presa ergonomica estremamente comoda, non rovinando i guanti grazie all\u2019assenza di denti in prossimit\u00e0 del manico.<\/p>\n<p>&nbsp;<\/p>\n<p>\u2022 Testa modulare in Avional<br \/>\n\u2022 2 configurazioni: lama-paletta e lama-martello<br \/>\n\u2022 Paletta e martello in acciaio inossidabile<br \/>\n\u2022 Impugnatura modulare con appoggi amovibili che garantisce la massima versatilit\u00e0<br \/>\n\u2022 Fori per moschettoni nella testa e nel puntale, per uso con dragonne (non inclusa) o X-Gyro Leash<\/p>\n","protected":false},"excerpt":{"rendered":"<p>La Camp X-Light \u00e8 una piccozza leggera all\u2019insegna della polivalenza: un trait d\u2019union di alto livello tra gli attrezzi da cascata e quelli pi\u00f9 tradizionali. \u00c8 disponibile in una sola misura (50 cm) ed \u00e8 ideale per l\u2019alpinismo classico e tecnico \u201cfast and light\u201d. La testa modulare in Avional, analoga a quella della X-Dream, consente [&hellip;]<\/p>\n","protected":false},"featured_media":101287,"template":"","meta":{"_acf_changed":false,"_seopress_robots_primary_cat":"none","_seopress_titles_title":"%%title%% %%sep%% Piccozza per alpinismo tecnico e classico","_seopress_titles_desc":"La Cassin X-Light \u00e8 una piccozza leggera all\u2019insegna della polivalenza: un trait d\u2019union di alto livello tra gli attrezzi da cascata e quelli pi\u00f9 tradizionali.","_seopress_robots_index":"","ep_exclude_from_search":false},"product_brand":[],"product_cat":[1056,963,1919],"product_tag":[2969],"class_list":{"0":"post-54375","1":"product","2":"type-product","3":"status-publish","4":"has-post-thumbnail","6":"product_cat-alpinismo","7":"product_cat-attrezzatura","8":"product_cat-piccozze","9":"product_tag-alpinismo","10":"pa_colore-nero","11":"pa_configurazione-martello","12":"pa_configurazione-paletta","13":"pa_lunghezza-50-cm-it","14":"yith_product_brand-camp","16":"first","17":"outofstock","18":"taxable","19":"shipping-taxable","20":"product-type-variable"},"acf":[],"_links":{"self":[{"href":"https:\/\/alpine-world.com\/shop\/wp-json\/wp\/v2\/product\/54375","targetHints":{"allow":["GET"]}}],"collection":[{"href":"https:\/\/alpine-world.com\/shop\/wp-json\/wp\/v2\/product"}],"about":[{"href":"https:\/\/alpine-world.com\/shop\/wp-json\/wp\/v2\/types\/product"}],"wp:featuredmedia":[{"embeddable":true,"href":"https:\/\/alpine-world.com\/shop\/wp-json\/wp\/v2\/media\/101287"}],"wp:attachment":[{"href":"https:\/\/alpine-world.com\/shop\/wp-json\/wp\/v2\/media?parent=54375"}],"wp:term":[{"taxonomy":"product_brand","embeddable":true,"href":"https:\/\/alpine-world.com\/shop\/wp-json\/wp\/v2\/product_brand?post=54375"},{"taxonomy":"product_cat","embeddable":true,"href":"https:\/\/alpine-world.com\/shop\/wp-json\/wp\/v2\/product_cat?post=54375"},{"taxonomy":"product_tag","embeddable":true,"href":"https:\/\/alpine-world.com\/shop\/wp-json\/wp\/v2\/product_tag?post=54375"}],"curies":[{"name":"wp","href":"https:\/\/api.w.org\/{rel}","templated":true}]}}