{"id":124428,"date":"2024-08-24T17:00:00","date_gmt":"2024-08-24T15:00:00","guid":{"rendered":"https:\/\/alpine-world.com\/shop\/?post_type=product&#038;p=124428"},"modified":"2026-05-04T04:11:40","modified_gmt":"2026-05-04T02:11:40","slug":"arcteryx-cormac-crew-neck-shirt-ls","status":"publish","type":"product","link":"https:\/\/alpine-world.com\/shop\/prodotto\/arcteryx-cormac-crew-neck-shirt-ls\/","title":{"rendered":"Arc'teryx Cormac Crew Neck Shirt LS"},"content":{"rendered":"<p>Ispirata dai runner, poi rifinita per offrire la versatilit\u00e0 necessaria per gestire un'ampia gamma di attivit\u00e0 ad alta intensit\u00e0 in montagna, l'Arc'teryx Cormac Crew Neck Shirt LS \u00e8 progettata per prestazioni, protezione solare e comfort. Il suo tessuto Phasic\u2122 LT riciclato al 100% assorbe l'umidit\u00e0, respira, offre protezione UPF 40+ ed \u00e8 trattato per resistere agli odori. La vestibilit\u00e0 massimizza il flusso d'aria e si muove con il corpo, il colletto a basso profilo si sovrappone comodamente e il design delle cuciture riduce al minimo lo sfregamento.<\/p>\n","protected":false},"excerpt":{"rendered":"<p>Ispirata dai runner, poi rifinita per offrire la versatilit\u00e0 necessaria per gestire un'ampia gamma di attivit\u00e0 ad alta intensit\u00e0 in montagna, l'Arc'teryx Cormac Crew Neck Shirt LS \u00e8 progettata per prestazioni, protezione solare e comfort. Il suo tessuto Phasic\u2122 LT riciclato al 100% assorbe l'umidit\u00e0, respira, offre protezione UPF 40+ ed \u00e8 trattato per resistere [&hellip;]<\/p>\n","protected":false},"featured_media":124437,"template":"","meta":{"_acf_changed":false,"_seopress_robots_primary_cat":"none","_seopress_titles_title":"Arc'teryx Cormac Crew Neck Shirt LS - Maglia a maniche lunghe con protezione UV","_seopress_titles_desc":"Pensata per gestire un'ampia gamma di attivit\u00e0 ad alta intensit\u00e0, l'Arc'teryx Cormac Crew Neck Shirt LS \u00e8 progettata per prestazioni, protezione solare e comfort.","_seopress_robots_index":"","ep_exclude_from_search":false},"product_brand":[],"product_cat":[925,1920,1056,1932,1054,1053],"product_tag":[2969,2973,2974],"class_list":{"0":"post-124428","1":"product","2":"type-product","3":"status-publish","4":"has-post-thumbnail","6":"product_cat-abbigliamento","7":"product_cat-abbigliamento-sportivo-uomo","8":"product_cat-alpinismo","9":"product_cat-t-shirt-uomo","10":"product_cat-trail-running-it","11":"product_cat-trekking-it","12":"product_tag-alpinismo","13":"product_tag-trail-running","14":"product_tag-trekking","15":"pa_colore-stratus","16":"pa_taglia-l-it","17":"pa_taglia-m-it","18":"pa_taglia-s-it","19":"yith_product_brand-arcteryx","21":"first","22":"outofstock","23":"taxable","24":"shipping-taxable","25":"product-type-variable"},"acf":[],"_links":{"self":[{"href":"https:\/\/alpine-world.com\/shop\/wp-json\/wp\/v2\/product\/124428","targetHints":{"allow":["GET"]}}],"collection":[{"href":"https:\/\/alpine-world.com\/shop\/wp-json\/wp\/v2\/product"}],"about":[{"href":"https:\/\/alpine-world.com\/shop\/wp-json\/wp\/v2\/types\/product"}],"wp:featuredmedia":[{"embeddable":true,"href":"https:\/\/alpine-world.com\/shop\/wp-json\/wp\/v2\/media\/124437"}],"wp:attachment":[{"href":"https:\/\/alpine-world.com\/shop\/wp-json\/wp\/v2\/media?parent=124428"}],"wp:term":[{"taxonomy":"product_brand","embeddable":true,"href":"https:\/\/alpine-world.com\/shop\/wp-json\/wp\/v2\/product_brand?post=124428"},{"taxonomy":"product_cat","embeddable":true,"href":"https:\/\/alpine-world.com\/shop\/wp-json\/wp\/v2\/product_cat?post=124428"},{"taxonomy":"product_tag","embeddable":true,"href":"https:\/\/alpine-world.com\/shop\/wp-json\/wp\/v2\/product_tag?post=124428"}],"curies":[{"name":"wp","href":"https:\/\/api.w.org\/{rel}","templated":true}]}}