{"id":124122,"date":"2024-08-03T14:40:35","date_gmt":"2024-08-03T12:40:35","guid":{"rendered":"https:\/\/alpine-world.com\/shop\/?post_type=product&#038;p=124122"},"modified":"2026-04-04T04:11:50","modified_gmt":"2026-04-04T02:11:50","slug":"arcteryx-alpha-fl-20-backpack","status":"publish","type":"product","link":"https:\/\/alpine-world.com\/shop\/prodotto\/arcteryx-alpha-fl-20-backpack\/","title":{"rendered":"Arc'teryx Alpha FL 20 Backpack"},"content":{"rendered":"<p>L'Arc'teryx Alpha FL 20 Backpack \u00e8 il nostro zaino Alpha FL pi\u00f9 piccolo. Quello per chi fa di pi\u00f9 con meno. Progettato per scalate minimaliste e per raggiungere la vetta, \u00e8 realizzato nel nostro tessuto a griglia Hadron AC\u00b2 LCP (Liquid Crystal Polymer) per offrire una durata e una resistenza alle intemperie eccezionali con un peso molto ridotto. Spallacci leggermente imbottiti e un pannello posteriore laminato migliorano il comfort di trasporto, e il sistema elastico esterno comprime il carico e trattiene i ramponi o un parka. Una cinghia superiore fissa la corda e alette in metallo permettono di fissare le piccozze.<\/p>\n","protected":false},"excerpt":{"rendered":"<p>L'Arc'teryx Alpha FL 20 Backpack \u00e8 il nostro zaino Alpha FL pi\u00f9 piccolo. Quello per chi fa di pi\u00f9 con meno. Progettato per scalate minimaliste e per raggiungere la vetta, \u00e8 realizzato nel nostro tessuto a griglia Hadron AC\u00b2 LCP (Liquid Crystal Polymer) per offrire una durata e una resistenza alle intemperie eccezionali con un [&hellip;]<\/p>\n","protected":false},"featured_media":124083,"template":"","meta":{"_acf_changed":false,"_seopress_robots_primary_cat":"none","_seopress_titles_title":"Arc'teryx Alpha FL 20 Backpack - Zaino da alpinismo","_seopress_titles_desc":"L'Arc'teryx Alpha FL 20 Backpack \u00e8 il nostro zaino Alpha FL pi\u00f9 piccolo. Quello per chi fa di pi\u00f9 con meno. Progettato per scalate minimaliste e per raggiungere la vetta.","_seopress_robots_index":"","ep_exclude_from_search":false},"product_brand":[],"product_cat":[1056,963,974,1034],"product_tag":[2969],"class_list":{"0":"post-124122","1":"product","2":"type-product","3":"status-publish","4":"has-post-thumbnail","6":"product_cat-alpinismo","7":"product_cat-attrezzatura","8":"product_cat-zaini-da-montagna","9":"product_cat-saldi","10":"product_tag-alpinismo","11":"pa_colore-marrone","12":"pa_colore-nero","13":"pa_colore-soulsonic","14":"pa_genere-donna","15":"pa_genere-unisex-it","16":"pa_genere-uomo","17":"pa_taglia-taglia-unica","18":"yith_product_brand-arcteryx","20":"first","21":"instock","22":"sale","23":"taxable","24":"shipping-taxable","25":"purchasable","26":"product-type-variable"},"acf":[],"_links":{"self":[{"href":"https:\/\/alpine-world.com\/shop\/wp-json\/wp\/v2\/product\/124122","targetHints":{"allow":["GET"]}}],"collection":[{"href":"https:\/\/alpine-world.com\/shop\/wp-json\/wp\/v2\/product"}],"about":[{"href":"https:\/\/alpine-world.com\/shop\/wp-json\/wp\/v2\/types\/product"}],"wp:featuredmedia":[{"embeddable":true,"href":"https:\/\/alpine-world.com\/shop\/wp-json\/wp\/v2\/media\/124083"}],"wp:attachment":[{"href":"https:\/\/alpine-world.com\/shop\/wp-json\/wp\/v2\/media?parent=124122"}],"wp:term":[{"taxonomy":"product_brand","embeddable":true,"href":"https:\/\/alpine-world.com\/shop\/wp-json\/wp\/v2\/product_brand?post=124122"},{"taxonomy":"product_cat","embeddable":true,"href":"https:\/\/alpine-world.com\/shop\/wp-json\/wp\/v2\/product_cat?post=124122"},{"taxonomy":"product_tag","embeddable":true,"href":"https:\/\/alpine-world.com\/shop\/wp-json\/wp\/v2\/product_tag?post=124122"}],"curies":[{"name":"wp","href":"https:\/\/api.w.org\/{rel}","templated":true}]}}