{"id":117059,"date":"2023-11-15T17:25:46","date_gmt":"2023-11-15T16:25:46","guid":{"rendered":"https:\/\/alpine-world.com\/shop\/?post_type=product&#038;p=117059"},"modified":"2025-02-20T12:19:35","modified_gmt":"2025-02-20T11:19:35","slug":"black-diamond-venom-lt-classic","status":"publish","type":"product","link":"https:\/\/alpine-world.com\/shop\/prodotto\/black-diamond-venom-lt-classic\/","title":{"rendered":"Black Diamond Venom LT Classic"},"content":{"rendered":"<p>Dalle salite di ripidi canali durante lo scialpinismo agli obiettivi alpinistici estivi veloci e leggeri, la nuovo Black Diamond Venom LT Classic \u00e8 una piccozza da 240 grammi costruita per la versatilit\u00e0 ultraleggera in montagna. La lama sostituibile Hot Forged Classic LT in acciaio \u00e8 combinato con una testa ergonomica in alluminio forgiato. Il manico presenta scanalature che aumentano il grip e la punta sostituibile in acciaio garantisce posizionamenti affidabili sulla neve. Infine, la Black Diamond Venom LT Classic \u00e8 compatibile con un martello, una lama Tech Pick, uno sliding pommel e la benna della nostra pala Transfer LT, rendendolo lo strumento leggero pi\u00f9 adatto tecnicamente in montagna.<\/p>\n","protected":false},"excerpt":{"rendered":"<p>Dalle salite di ripidi canali durante lo scialpinismo agli obiettivi alpinistici estivi veloci e leggeri, la nuovo Black Diamond Venom LT Classic \u00e8 una piccozza da 240 grammi costruita per la versatilit\u00e0 ultraleggera in montagna. La lama sostituibile Hot Forged Classic LT in acciaio \u00e8 combinato con una testa ergonomica in alluminio forgiato. Il manico [&hellip;]<\/p>\n","protected":false},"featured_media":117071,"template":"","meta":{"_acf_changed":false,"_seopress_robots_primary_cat":"","_seopress_titles_title":"Black Diamond Venom LT Classic - Piccozza da scialpinismo","_seopress_titles_desc":"Dalle salite di ripidi canali durante lo scialpinismo agli obiettivi alpinistici estivi veloci e leggeri, la nuovo Black Diamond Venom LT Classic \u00e8 una piccozza da 240 grammi costruita per la versatilit\u00e0 ultraleggera in montagna.","_seopress_robots_index":"","ep_exclude_from_search":false},"product_brand":[],"product_cat":[1056,1055,963,1919],"product_tag":[2969,2995],"class_list":{"0":"post-117059","1":"product","2":"type-product","3":"status-publish","4":"has-post-thumbnail","6":"product_cat-alpinismo","7":"product_cat-scialpinismo","8":"product_cat-attrezzatura","9":"product_cat-piccozze","10":"product_tag-alpinismo","11":"product_tag-scialpinismo","12":"pa_colore-verde","13":"pa_lunghezza-45-cm-it","14":"yith_product_brand-black-diamond","16":"first","17":"outofstock","18":"sale","19":"taxable","20":"shipping-taxable","21":"purchasable","22":"product-type-simple"},"acf":[],"_links":{"self":[{"href":"https:\/\/alpine-world.com\/shop\/wp-json\/wp\/v2\/product\/117059","targetHints":{"allow":["GET"]}}],"collection":[{"href":"https:\/\/alpine-world.com\/shop\/wp-json\/wp\/v2\/product"}],"about":[{"href":"https:\/\/alpine-world.com\/shop\/wp-json\/wp\/v2\/types\/product"}],"wp:featuredmedia":[{"embeddable":true,"href":"https:\/\/alpine-world.com\/shop\/wp-json\/wp\/v2\/media\/117071"}],"wp:attachment":[{"href":"https:\/\/alpine-world.com\/shop\/wp-json\/wp\/v2\/media?parent=117059"}],"wp:term":[{"taxonomy":"product_brand","embeddable":true,"href":"https:\/\/alpine-world.com\/shop\/wp-json\/wp\/v2\/product_brand?post=117059"},{"taxonomy":"product_cat","embeddable":true,"href":"https:\/\/alpine-world.com\/shop\/wp-json\/wp\/v2\/product_cat?post=117059"},{"taxonomy":"product_tag","embeddable":true,"href":"https:\/\/alpine-world.com\/shop\/wp-json\/wp\/v2\/product_tag?post=117059"}],"curies":[{"name":"wp","href":"https:\/\/api.w.org\/{rel}","templated":true}]}}