{"id":116901,"date":"2023-11-11T15:46:57","date_gmt":"2023-11-11T14:46:57","guid":{"rendered":"https:\/\/alpine-world.com\/shop\/?post_type=product&#038;p=116901"},"modified":"2023-12-08T10:30:50","modified_gmt":"2023-12-08T09:30:50","slug":"julbo-lightyear-topside-boys-reactiv-0-4-high-contrast","status":"publish","type":"product","link":"https:\/\/alpine-world.com\/shop\/prodotto\/julbo-lightyear-topside-boys-reactiv-0-4-high-contrast\/","title":{"rendered":"Julbo Lightyear Topside Boys Reactiv 0-4 High Contrast"},"content":{"rendered":"<p>TOPSIDE BOYS \u00e8 il nome di una squadra, e anche l\u2019espressione di una sensazione unica. Sono le parole usate da Nikolai Schirmer, Joonas Mattila e Krister Furnes Koppala per descrivere quello che si prova quando ci si trova in cima a un versante dopo un\u2019ascensione molto esigente e si \u00e8 pronti a godersi il piacere della discesa. Per quanto riguarda il modello di maschera, hanno scelto LIGHTYEAR con la nuova lente REACTIV 0-4: un prodotto di riferimento per lo sci e vincitore di un ISPO award! Questa lente \u00e8 rivoluzionaria, perch\u00e9 ti permette di sciare sia nel pieno della notte polare che quando la luce \u00e8 massima! Il modello \u00e8 dotato inoltre del SuperFlow Pro System, che permette di spostare la lente in avanti rispetto alla montatura per evitare la condensa. Semplicemente la migliore maschera sul mercato.<\/p>\n","protected":false},"excerpt":{"rendered":"<p>TOPSIDE BOYS \u00e8 il nome di una squadra, e anche l\u2019espressione di una sensazione unica. Sono le parole usate da Nikolai Schirmer, Joonas Mattila e Krister Furnes Koppala per descrivere quello che si prova quando ci si trova in cima a un versante dopo un\u2019ascensione molto esigente e si \u00e8 pronti a godersi il piacere [&hellip;]<\/p>\n","protected":false},"featured_media":116907,"template":"","meta":{"_acf_changed":false,"_seopress_robots_primary_cat":"","_seopress_titles_title":"Julbo Lightyear Topside Boys Reactiv 0-4 High Contrast ","_seopress_titles_desc":"La Julbo Lightyear Topside Boys Reactiv 0-4 High Contrast \u00e8 una maschera da sci fotocromatica prodotta in edizione limitata.","_seopress_robots_index":"","ep_exclude_from_search":false},"product_brand":[],"product_cat":[963,1038,1031,1055],"product_tag":[2971,2995],"class_list":{"0":"post-116901","1":"product","2":"type-product","3":"status-publish","4":"has-post-thumbnail","6":"product_cat-attrezzatura","7":"product_cat-freeride-it","8":"product_cat-occhiali-e-maschere-da-sci","9":"product_cat-scialpinismo","10":"product_tag-freeride","11":"product_tag-scialpinismo","12":"pa_categoria-maschere-da-sci","13":"pa_colore-grigio","14":"pa_genere-unisex-it","15":"pa_genere-uomo","16":"yith_product_brand-julbo","18":"first","19":"outofstock","20":"sale","21":"taxable","22":"shipping-taxable","23":"purchasable","24":"product-type-simple"},"acf":[],"_links":{"self":[{"href":"https:\/\/alpine-world.com\/shop\/wp-json\/wp\/v2\/product\/116901","targetHints":{"allow":["GET"]}}],"collection":[{"href":"https:\/\/alpine-world.com\/shop\/wp-json\/wp\/v2\/product"}],"about":[{"href":"https:\/\/alpine-world.com\/shop\/wp-json\/wp\/v2\/types\/product"}],"wp:featuredmedia":[{"embeddable":true,"href":"https:\/\/alpine-world.com\/shop\/wp-json\/wp\/v2\/media\/116907"}],"wp:attachment":[{"href":"https:\/\/alpine-world.com\/shop\/wp-json\/wp\/v2\/media?parent=116901"}],"wp:term":[{"taxonomy":"product_brand","embeddable":true,"href":"https:\/\/alpine-world.com\/shop\/wp-json\/wp\/v2\/product_brand?post=116901"},{"taxonomy":"product_cat","embeddable":true,"href":"https:\/\/alpine-world.com\/shop\/wp-json\/wp\/v2\/product_cat?post=116901"},{"taxonomy":"product_tag","embeddable":true,"href":"https:\/\/alpine-world.com\/shop\/wp-json\/wp\/v2\/product_tag?post=116901"}],"curies":[{"name":"wp","href":"https:\/\/api.w.org\/{rel}","templated":true}]}}